what is -342c + -5?
-3434
In base 12, what is -a5 + 16?
-8b
In base 9, what is 4 + 637?
642
In base 16, what is -3 + 21?
1e
In base 7, what is -24 + 42?
15
In base 15, what is -103 + -94?
-197
In base 6, what is -15403 + -3?
-15410
In base 7, what is 3 + -3536?
-3533
In base 11, what is 230 + -3?
228
In base 11, what is -454 - 1?
-455
In base 8, what is 33 + -1?
32
In base 7, what is -3 + -11?
-14
In base 13, what is -4 - -4?
0
In base 4, what is -32 - 3132?
-3230
In base 3, what is -20 + 2000?
1210
In base 2, what is 101111011100 + 0?
101111011100
In base 3, what is -2 + -2002012?
-2002021
In base 3, what is -11 - 202220?
-210001
In base 11, what is 29 - 11?
18
In base 12, what is -5 + -2a3?
-2a8
In base 3, what is -11 + -1110?
-1121
In base 15, what is 10 + 136?
146
In base 2, what is 11000111001 + -110?
11000110011
In base 2, what is -11 - -10111?
10100
In base 13, what is -5 + 6?
1
In base 11, what is 55 - -8?
62
In base 14, what is 145 + 13?
158
In base 4, what is -2 - -10322?
10320
In base 6, what is -14444 + 1?
-14443
In base 12, what is -1b - 13?
-32
In base 15, what is 0 - 1e6?
-1e6
In base 3, what is 1 + -10211?
-10210
In base 4, what is -11330120 - -10?
-11330110
In base 10, what is 1 - 242?
-241
In base 10, what is -2 - 170?
-172
In base 14, what is -17 + -d?
-26
In base 16, what is -1ca - 5?
-1cf
In base 6, what is 3 + -1220?
-1213
In base 5, what is 40 - -3?
43
In base 2, what is 11010011100 - -11?
11010011111
In base 16, what is 116e - 0?
116e
In base 14, what is 12 + -7?
9
In base 12, what is 9a + 4?
a2
In base 11, what is -54 - 31?
-85
In base 9, what is 4 - -2683?
2687
In base 12, what is -3 - 410?
-413
In base 12, what is -5 - -68?
63
In base 11, what is -4 - -143a?
1436
In base 14, what is -1 - 2084?
-2085
In base 4, what is 313020 + 11?
313031
In base 10, what is 473 - 2?
471
In base 3, what is 21111122 - 10?
21111112
In base 12, what is -1496 + -2?
-1498
In base 11, what is 18 - -9?
26
In base 2, what is -100000 + -100001?
-1000001
In base 13, what is 26b2 + 3?
26b5
In base 14, what is -17c4 - 6?
-17ca
In base 10, what is -2096 + 0?
-2096
In base 14, what is -97 + a?
-8b
In base 11, what is -8 - 3?
-10
In base 16, what is 6d - -1f?
8c
In base 7, what is 11606 + 5?
11614
In base 11, what is 181 + 0?
181
In base 3, what is -11 + 1101100?
1101012
In base 6, what is 5 + 2302?
2311
In base 14, what is 9 + -c30?
-c25
In base 12, what is -6b70 + -5?
-6b75
In base 16, what is 10 - -45?
55
In base 6, what is 5 - 15?
-10
In base 5, what is -10 + 21343?
21333
In base 9, what is 12 - 4?
7
In base 3, what is -1120221 + -10?
-1121001
In base 7, what is -5 - -426?
421
In base 9, what is -724 - -8?
-715
In base 15, what is -15c + -1?
-15d
In base 13, what is -5c + -5b?
-ba
In base 12, what is -2 - 1171?
-1173
In base 16, what is -3 + -15?
-18
In base 15, what is -5 - -512?
50c
In base 13, what is 9a8 - 3?
9a5
In base 7, what is 5 + -1161?
-1153
In base 16, what is 5c + 5?
61
In base 4, what is -22 + -3?
-31
In base 4, what is 1 - 31032?
-31031
In base 11, what is -30 + -41?
-71
In base 14, what is 24 + 8?
2c
In base 2, what is 100 + 1011011?
1011111
In base 13, what is -10 + -6?
-16
In base 8, what is 1 - 62?
-61
In base 10, what is 12 + 48?
60
In base 13, what is 54 + 7?
5b
In base 12, what is 1406 - b?
13b7
In base 10, what is -3 - 3206?
-3209
In base 14, what is -d26 - -3?
-d23
In base 13, what is 19 + 13?
2c
In base 3, what is 10100 + 12022?
22122
In base 8, what is -15 + -7?
-24
In base 8, what is 35535 + 1?
35536
In base 12, what is -3 + 1594?
1591
In base 13, what is 31 + -2ca?
-299
In base 15, what is 4 - 13?
-e
In base 16, what is -3e7 - 0?
-3e7
In base 2, what is -10110110010 - 101?
-10110110111
In base 14, what is -20 - -6?
-18
In base 4, what is 1120 - -10?
1130
In base 6, what is 1 + -321?
-320
In base 11, what is -15288 - 3?
-15290
In base 16, what is -69 - -5?
-64
In base 4, what is -1 + -22222?
-22223
In base 16, what is 29 + -27?
2
In base 8, what is 536 + 0?
536
In base 7, what is -4 + 21?
14
In base 15, what is 5 - db?
-d6
In base 8, what is 1 + -2325?
-2324
In base 11, what is 16 + -18?
-2
In base 10, what is -10 - 19?
-29
In base 12, what is -432b + 0?
-432b
In base 2, what is -100111 - -101000110?
100011111
In base 16, what is -2929 - -5?
-2924
In base 4, what is 1000 - 21?
313
In base 10, what is -26 + -9?
-35
In base 10, what is 2 - -125?
127
In base 14, what is 10b - -4?
111
In base 14, what is -6c + 4?
-68
In base 11, what is -23 - 0?
-23
In base 7, what is -6 + -1?
-10
In base 2, what is -111 - 110101110?
-110110101
In base 8, what is -652 + -33?
-705
In base 13, what is 1066 - 4?
1062
In base 9, what is -3 - -1243?
1240
In base 8, what is 1 + 4?
5
In base 7, what is 2216 + 0?
2216
In base 12, what is -7 + -21?
-28
In base 5, what is -10 - 21?
-31
In base 9, what is -2145 + -1?
-2146
In base 4, what is -1 - 312230?
-312231
In base 6, what is -305 - 5?
-314
In base 16, what is 17 - 6?
11
In base 4, what is 1330 + -21?
1303
In base 5, what is 4 - -313?
322
In base 7, what is 46 + -16?
30
In base 7, what is -5 - 30621?
-30626
In base 10, what is 3 + -208?
-205
In base 8, what is -1 - -250?
247
In base 16, what is -3e + 1?
-3d
In base 11, what is 5 - 951?
-947
In base 10, what is -287 - 0?
-287
In base 3, what is 11020100 + -10?
11020020
In base 15, what is -3 + -d?
-11
In base 5, what is 204 + -24?
130
In base 3, what is -1022 - 121?
-1220
In base 16, what is 3 - aa?
-a7
In base 12, what is 466 + 1?
467
In base 4, what is -10302 + 10?
-10232
In base 9, what is 2 + 2513?
2515
In base 11, what is 6 - a6?
-a0
In base 9, what is 8755 - 1?
8754
In base 3, what is -121111001 + 10?
-121110221
In base 12, what is -1 + 7?
6
In base 10, what is 690 - 43?
647
In base 7, what is -5 - -132?
124
In base 13, what is -239 + -4?
-240
In base 9, what is 127 + 105?
233
In base 3, what is -12102 + -1?
-12110
In base 9, what is -2358 + 5?
-2353
In base 2, what is 11000 - 10?
10110
In base 7, what is -12 + -6664?
-10006
In base 7, what is 10 + 111?
121
In base 14, what is -3 + 2396?
2393
In base 15, what is 79 - 1?
78
In base 12, what is 2 - 81?
-7b
In base 8, what is 64 - -3?
67
In base 16, what is 0 + 1f?
1f
In base 8, what is -4 + 1753?
1747
In base 7, what is 120203 - -3?
120206
In base 8, what is -15 - -201?
164
In base 7, what is -2 - 1131?
-1133
In base 11, what is 38 - 4?
34
In base 10, what is 4 + -53?
-49
In base 16, what is 27f + 0?
27f
In base 5, what is -21 - -143?
122
In base 8, what is -5 + -321?
-326
In base 2, what is 110111111 - -1?
111000000
In base 12, what is -a + -3a?
-48
In base 16, what is 39 - -5?
3e
In base 9, what is 11 + 22?
33
In base 4, what is -10 - -22112?
22102
In base 3, what is 0 + -11?
-11
In base 5, what is -113401 + 3?
-113343
In base 4, what is 2 - -123?
131
In base 5, what is -22 - 0?
-22
In base 3, what is 2102 - 102?
2000
In base 16, what is -10 + -27a?
-28a
In base 14, what is -3 + -5cd?
-5d2
In base 11, what is 4 - 247?
-243
In base 9, what is -5 + 15?
10
In base 10, what is -48 + 114?
66
In base 14, what is b8 - 3?
b5
In base 9, what is 7 - -23?
31
In base 9, what is -6554 + 1?
-6553
In base 6, what is -144 - -5?
-135
In base 8, what is 2 - -1572?
1574
In base 10, what is 154 - 10?
144
In base 11, what is -3 - 1a1?
-1a4
In base 6, what is -1355 + 20?
-1335
In base 13, what is 301 - -1?
302
In base 4, what is 21221 + 0?
21221
In base 10, what is 61 - 51?
10
In base 4, what is 12031 - 11?
12020
In base 16, what is 13 + 3?
16
In base 10, what is 5 + -63?
-58
In base 5, what is 1 + 2042?
2043
In base 7, what is 0 - -3155?
3155
In base 3, what is -10 - -101010?
101000
In base 8, what is 3 + 37?
42
In base 7, what is -6631 + 4?
-6624
In base 3, what is -12002 - 11?
-12020
In base 10, what is 46 - -1?
47
In base 5, what is -3 - 1031?
-1034
In base 16, what is 4 + 7c?
80
In base 7, what is 6 + -142?
-133
In base 10, what is -15 - -5?
-10
In base 14, what is 41 - 8?
37
In base 10, what is -3 + -24?
-27
In base 11, what is 2 + 184?
186
In base 12, what is -649 - 0?
-649
In base 4, what is 111 + -23?
22
In base 4, what is 0 + 33?
33
In base 16, what is 6 - -31?
37
In base 15, what is 5 - 65?
-60
In base 9, what is -48 + 13?
-35
In base 16, what is 1a5 + -5?
1a0
In base 14, what is -47 + 38?
-d
In 